{"id":1896,"date":"2018-10-15T21:54:12","date_gmt":"2018-10-15T19:54:12","guid":{"rendered":"http:\/\/lyceejeanracine.fr\/wdps\/?page_id=1896"},"modified":"2018-10-15T21:56:06","modified_gmt":"2018-10-15T19:56:06","slug":"les-commissions-menus","status":"publish","type":"page","link":"https:\/\/lyceejeanracine.fr\/wdps\/index.php\/les-commissions-menus\/","title":{"rendered":"LES COMMISSIONS MENUS"},"content":{"rendered":"<p>Le mardi 9 octobre 2018 \u00e0 14 h s&rsquo;est r\u00e9unie la premi\u00e8re r\u00e9union de la commission dont vous trouverez le compte rendu en pi\u00e8ce jointe. Cette premi\u00e8re commission s&rsquo;est r\u00e9unie notamment suite aux nombreuses remarques qui nous avaient \u00e9t\u00e9 remont\u00e9es par les utilisateurs du service restauration depuis le d\u00e9but de l&rsquo;ann\u00e9e scolaire. Cette premi\u00e8re r\u00e9union s&rsquo;est d\u00e9roul\u00e9e dans un esprit constructif et je pense que les premiers effets s&rsquo;en font d\u00e9j\u00e0 sentir sur la qualit\u00e9s des repas servis \u00e0 la restauration scolaire, tant en termes de diversit\u00e9 que de quantit\u00e9.<\/p>\n<p>Le prochaine commission se r\u00e9unira le mardi 20 novembre 2018 \u00e0 14h.<br \/>\nL. Martinel (proviseur)<\/p>\n<p><a href=\"https:\/\/lyceejeanracine.fr\/wdps\/wp-content\/uploads\/2018\/10\/commission_menu_9_10_2018.pdf\" target=\"_blank\" rel=\"noopener\">Lire la commission menu du 9\/10\/2018<\/a><\/p>\n","protected":false},"excerpt":{"rendered":"<p>Le mardi 9 octobre 2018 \u00e0 14 h s&rsquo;est r\u00e9unie la premi\u00e8re r\u00e9union de la commission dont vous trouverez le compte rendu en pi\u00e8ce jointe. Cette premi\u00e8re commission s&rsquo;est r\u00e9unie notamment suite aux nombreuses remarques qui nous avaient \u00e9t\u00e9 remont\u00e9es par les utilisateurs du service restauration depuis le d\u00e9but de l&rsquo;ann\u00e9e scolaire. Cette premi\u00e8re r\u00e9union &hellip; <\/p>\n<p><a class=\"more-link btn\" href=\"https:\/\/lyceejeanracine.fr\/wdps\/index.php\/les-commissions-menus\/\">Lire la suite<\/a><\/p>\n","protected":false},"author":1,"featured_media":0,"parent":0,"menu_order":0,"comment_status":"closed","ping_status":"closed","template":"","meta":{"ngg_post_thumbnail":0,"footnotes":""},"post_mailing_queue_ids":[],"_links":{"self":[{"href":"https:\/\/lyceejeanracine.fr\/wdps\/index.php\/wp-json\/wp\/v2\/pages\/1896"}],"collection":[{"href":"https:\/\/lyceejeanracine.fr\/wdps\/index.php\/wp-json\/wp\/v2\/pages"}],"about":[{"href":"https:\/\/lyceejeanracine.fr\/wdps\/index.php\/wp-json\/wp\/v2\/types\/page"}],"author":[{"embeddable":true,"href":"https:\/\/lyceejeanracine.fr\/wdps\/index.php\/wp-json\/wp\/v2\/users\/1"}],"replies":[{"embeddable":true,"href":"https:\/\/lyceejeanracine.fr\/wdps\/index.php\/wp-json\/wp\/v2\/comments?post=1896"}],"version-history":[{"count":2,"href":"https:\/\/lyceejeanracine.fr\/wdps\/index.php\/wp-json\/wp\/v2\/pages\/1896\/revisions"}],"predecessor-version":[{"id":1899,"href":"https:\/\/lyceejeanracine.fr\/wdps\/index.php\/wp-json\/wp\/v2\/pages\/1896\/revisions\/1899"}],"wp:attachment":[{"href":"https:\/\/lyceejeanracine.fr\/wdps\/index.php\/wp-json\/wp\/v2\/media?parent=1896"}],"curies":[{"name":"wp","href":"https:\/\/api.w.org\/{rel}","templated":true}]}}

<p>Le mardi 9 octobre 2018 à 14 h s&rsquo;est réunie la première réunion de la commission dont vous trouverez le compte rendu en pièce jointe. Cette première commission s&rsquo;est réunie notamment suite aux nombreuses remarques qui nous avaient été remontées par les utilisateurs du service restauration depuis le début de l&rsquo;année scolaire. Cette première réunion s&rsquo;est déroulée dans un esprit constructif et je pense que les premiers effets s&rsquo;en font déjà sentir sur la qualités des repas servis à la restauration scolaire, tant en termes de diversité que de quantité.</p>
<p>Le prochaine commission se réunira le mardi 20 novembre 2018 à 14h.<br />
L. Martinel (proviseur)</p>
<p><a href="https://lyceejeanracine.fr/wdps/wp-content/uploads/2018/10/commission_menu_9_10_2018.pdf" target="_blank" rel="noopener">Lire la commission menu du 9/10/2018</a></p>

<p>Le mardi 9 octobre 2018 à 14 h s&rsquo;est réunie la première réunion de la commission dont vous trouverez le compte rendu en pièce jointe. Cette première commission s&rsquo;est réunie notamment suite aux nombreuses remarques qui nous avaient été remontées par les utilisateurs du service restauration depuis le début de l&rsquo;année scolaire. Cette première réunion &hellip; </p>
<p><a class="more-link btn" href="https://lyceejeanracine.fr/wdps/index.php/les-commissions-menus/">Lire la suite</a></p>
