{"id":212,"date":"2017-07-24T22:53:13","date_gmt":"2017-07-24T20:53:13","guid":{"rendered":"http:\/\/lyceejeanracine.fr\/wdps\/?page_id=212"},"modified":"2017-07-24T22:54:40","modified_gmt":"2017-07-24T20:54:40","slug":"c-d-i","status":"publish","type":"page","link":"https:\/\/lyceejeanracine.fr\/wdps\/index.php\/c-d-i\/","title":{"rendered":"C.D.I."},"content":{"rendered":"<h1 style=\"text-align: center;\"><span style=\"color: #333399;\"><strong>POUR TOUT SAVOIR SUR LE CDI<\/strong><\/span><\/h1>\n<ul>\n<li>\n<h4><strong>Comment utiliser la base en ligne du CDI ?\u00a0<\/strong><\/h4>\n<\/li>\n<li>\n<h4><strong>Comment emprunter \u00a0?<\/strong><\/h4>\n<\/li>\n<li>\n<h4><strong>Qui g\u00e8re et anime le CDI ?\u00a0<\/strong><\/h4>\n<\/li>\n<li>\n<h4><strong>Les missions du C.D.I.<\/strong><\/h4>\n<\/li>\n<li>\n<h4><strong>Quels sont les horaires et les r\u00e8gles de vie ?\u00a0<\/strong><\/h4>\n<\/li>\n<li>\n<h4><strong>D\u00e9couvrir les actualit\u00e9s, les coups de c\u0153ur, les s\u00e9lections et les nouveaut\u00e9s au CDI<\/strong><\/h4>\n<\/li>\n<li>\n<h4><strong>S&rsquo;informer sur la sant\u00e9 et l&rsquo;orientation<\/strong><\/h4>\n<\/li>\n<\/ul>\n<h3 style=\"text-align: center;\">Vous trouverez toutes ses r\u00e9ponses et bien plus encore en utilisant e-sidoc<br \/>\n(le portail du CDI)<\/h3>\n<p><a href=\"http:\/\/0801853e.esidoc.fr\" target=\"_blank\" rel=\"noopener\"><img loading=\"lazy\" decoding=\"async\" class=\"aligncenter\" src=\"http:\/\/www.lyceejeanracine.fr\/images\/esidoc.jpg\" alt=\"\" width=\"152\" height=\"63\" \/><\/a><\/p>\n","protected":false},"excerpt":{"rendered":"<h1 style=\"text-align: center;\"><span style=\"color: #333399;\"><strong>POUR TOUT SAVOIR SUR LE CDI<\/strong><\/span><\/h1>\n<ul>\n<li> <strong>Comment utiliser la base en ligne du CDI ?\u00a0<\/strong> <\/li>\n<li> <strong>Comment emprunter \u00a0?<\/strong> <\/li>\n<li> <strong>Qui g\u00e8re et anime le CDI ?\u00a0<\/strong> <\/li>\n<li> <strong>Les missions du C.D.I.<\/strong> <\/li>\n<li> <strong>Quels sont les horaires et les r\u00e8gles de vie ?\u00a0<\/strong> <\/li>\n<li> &hellip;\n<p><a class=\"more-link btn\" href=\"https:\/\/lyceejeanracine.fr\/wdps\/index.php\/c-d-i\/\">Lire la suite<\/a><\/p>\n<\/li>\n<\/ul>\n","protected":false},"author":1,"featured_media":0,"parent":0,"menu_order":0,"comment_status":"closed","ping_status":"closed","template":"","meta":{"ngg_post_thumbnail":0,"footnotes":""},"post_mailing_queue_ids":[],"_links":{"self":[{"href":"https:\/\/lyceejeanracine.fr\/wdps\/index.php\/wp-json\/wp\/v2\/pages\/212"}],"collection":[{"href":"https:\/\/lyceejeanracine.fr\/wdps\/index.php\/wp-json\/wp\/v2\/pages"}],"about":[{"href":"https:\/\/lyceejeanracine.fr\/wdps\/index.php\/wp-json\/wp\/v2\/types\/page"}],"author":[{"embeddable":true,"href":"https:\/\/lyceejeanracine.fr\/wdps\/index.php\/wp-json\/wp\/v2\/users\/1"}],"replies":[{"embeddable":true,"href":"https:\/\/lyceejeanracine.fr\/wdps\/index.php\/wp-json\/wp\/v2\/comments?post=212"}],"version-history":[{"count":4,"href":"https:\/\/lyceejeanracine.fr\/wdps\/index.php\/wp-json\/wp\/v2\/pages\/212\/revisions"}],"predecessor-version":[{"id":217,"href":"https:\/\/lyceejeanracine.fr\/wdps\/index.php\/wp-json\/wp\/v2\/pages\/212\/revisions\/217"}],"wp:attachment":[{"href":"https:\/\/lyceejeanracine.fr\/wdps\/index.php\/wp-json\/wp\/v2\/media?parent=212"}],"curies":[{"name":"wp","href":"https:\/\/api.w.org\/{rel}","templated":true}]}}