{"id":292,"date":"2017-08-02T00:15:09","date_gmt":"2017-08-01T22:15:09","guid":{"rendered":"http:\/\/lyceejeanracine.fr\/wdps\/?page_id=292"},"modified":"2023-10-11T22:36:15","modified_gmt":"2023-10-11T20:36:15","slug":"organigramme-administratif","status":"publish","type":"page","link":"https:\/\/lyceejeanracine.fr\/wdps\/index.php\/organigramme-administratif\/","title":{"rendered":"Organigramme administratif"},"content":{"rendered":"<p>&nbsp;<\/p>\n<table border=\"0\" width=\"538\" cellspacing=\"0\" cellpadding=\"0\" align=\"center\">\n<tbody>\n<tr>\n<td width=\"146\" height=\"21\"><span style=\"font-family: 'Times New Roman', Times, serif; font-size: small;\">&nbsp;<\/span><\/td>\n<td colspan=\"9\" valign=\"middle\" bgcolor=\"#7481B5\">\n<div align=\"center\"><span style=\"font-family: 'Times New Roman', Times, serif; font-size: small;\"><b><span style=\"color: #ffffff;\">EQUIPE<br \/>\nDE DIRECTION<\/span><\/b><\/span><\/div>\n<\/td>\n<td style=\"text-align: center;\" width=\"120\"><span style=\"font-family: 'Times New Roman', Times, serif; font-size: small;\">&nbsp;<\/span><\/td>\n<\/tr>\n<tr>\n<td valign=\"top\" width=\"146\" height=\"92\">\n<div align=\"center\">\n<p><span style=\"font-family: 'Times New Roman', Times, serif; font-size: small;\"><b>Proviseur<\/b><\/span><\/p>\n<p><span style=\"font-family: Times New Roman, Times, serif; font-size: small;\">M. F. GUILLOT<\/span><\/p>\n<\/div>\n<\/td>\n<td colspan=\"4\" valign=\"top\">\n<div align=\"center\">\n<p><span style=\"font-family: 'Times New Roman', Times, serif; font-size: small;\"><b>Proviseur Adjoint<\/b><\/span><\/p>\n<p><span style=\"font-family: 'Times New Roman', Times, serif; font-size: small;\">Mme S. COELHO<\/span><\/p>\n<\/div>\n<\/td>\n<td colspan=\"5\" valign=\"top\">\n<div align=\"center\">\n<p><span style=\"font-family: 'Times New Roman', Times, serif; font-size: small;\"><b>Directeur d\u00e9l\u00e9gu\u00e9 aux formations professionnelles et technologiques<\/b><\/span><\/p>\n<p><span style=\"font-family: 'Times New Roman', Times, serif; font-size: small;\">M. P. MAILLARD<br \/>\n<\/span><\/p>\n<\/div>\n<\/td>\n<td valign=\"top\" width=\"120\">\n<div align=\"center\"><span style=\"font-family: 'Times New Roman', Times, serif; font-size: small;\"><b>Agent<br \/>\nComptable<br \/>\nGestionnaire<br \/>\n<\/b>Mme M. BREGERE<\/span><\/div>\n<\/td>\n<\/tr>\n<tr>\n<td width=\"146\" height=\"23\"><span style=\"font-family: 'Times New Roman', Times, serif; font-size: small;\">&nbsp;<\/span><\/td>\n<td colspan=\"9\" valign=\"middle\" bgcolor=\"#7481B5\">\n<div align=\"center\"><span style=\"color: #ffffff; font-family: Times New Roman, Times, serif; font-size: small;\"><b>SECR\u00c9TARIATS<\/b><\/span><\/div>\n<\/td>\n<td width=\"120\"><span style=\"font-family: 'Times New Roman', Times, serif; font-size: small;\">&nbsp;<\/span><\/td>\n<\/tr>\n<tr>\n<td valign=\"top\" width=\"146\" height=\"146\">\n<div align=\"center\"><span style=\"font-family: 'Times New Roman', Times, serif; font-size: small;\"><b>Secr\u00e9tariat<br \/>\nProviseur<br \/>\n<\/b><br \/>\nMme S. MAUPIN<br \/>\nMme C. SCHNEBLE<b><br \/>\n<\/b><\/span><\/div>\n<\/td>\n<td colspan=\"4\" valign=\"top\">\n<div align=\"center\">\n<p><span style=\"font-family: 'Times New Roman', Times, serif; font-size: small;\"><b>Secr\u00e9tariat<br \/>\nProv. Adjoint<br \/>\n<\/b><br \/>\nMme C. BARDIN<\/span><\/p>\n<p>&nbsp;<\/p>\n<\/div>\n<\/td>\n<td colspan=\"5\" valign=\"top\">\n<div align=\"center\"><span style=\"font-family: 'Times New Roman', Times, serif; font-size: small;\"><span style=\"font-family: 'Times New Roman', Times, serif; font-size: small;\"><b>Assistante<br \/>\nChef de Travaux<br \/>\n<\/b>M. A. FIRMIN<\/span><\/span>&nbsp;&nbsp;&nbsp;<\/p>\n<p>&nbsp;<\/p>\n<\/div>\n<\/td>\n<td valign=\"top\" width=\"120\">\n<div align=\"center\">\n<p><span style=\"font-family: 'Times New Roman', Times, serif; font-size: small;\"><b>Gestion<br \/>\n<\/b>Mme I. JOLY<br \/>\nMme C.CARPENTIER<br \/>\nMme N.ROGER<br \/>\nMme M. LEPERLIER<br \/>\nMme M. MERINI<\/span><\/p>\n<p>&nbsp;<\/p>\n<\/div>\n<\/td>\n<\/tr>\n<tr>\n<td colspan=\"8\" valign=\"middle\" bgcolor=\"#7481B5\" height=\"36\">\n<div align=\"center\"><span style=\"font-family: 'Times New Roman', Times, serif; font-size: small;\"><b><span style=\"color: #ffffff;\">CONSEILLERS<br \/>\nD&rsquo;EDUCATION<\/span><\/b><\/span><\/div>\n<\/td>\n<td width=\"20\"><span style=\"font-family: 'Times New Roman', Times, serif; font-size: small;\">&nbsp;<\/span><\/td>\n<td colspan=\"2\" valign=\"middle\" bgcolor=\"#7481B5\">\n<div align=\"center\"><span style=\"font-family: 'Times New Roman', Times, serif; font-size: small;\"><b><span style=\"color: #ffffff;\">PERSONNELS<br \/>\nD&rsquo;ENTRETIEN <\/span><\/b><\/span><\/div>\n<\/td>\n<\/tr>\n<tr>\n<td rowspan=\"5\" valign=\"top\" width=\"146\">\n<div align=\"center\"><span style=\"font-family: 'Times New Roman', Times, serif; font-size: small;\"><span style=\"font-family: 'Times New Roman', Times, serif; font-size: small;\">Mme M.J. LEGRANGER<\/span><\/span>&nbsp;&nbsp;&nbsp;<\/p>\n<p>Mme A. MARCHAND<\/p>\n<p>&nbsp;<\/p>\n<\/div>\n<\/td>\n<td colspan=\"7\" rowspan=\"3\" valign=\"top\">\n<div align=\"center\"><span style=\"font-family: 'Times New Roman', Times, serif; font-size: small;\">M. P. CLEMENTE<\/span><\/div>\n<div align=\"center\"><span style=\"font-family: 'Times New Roman', Times, serif; font-size: small;\"><span style=\"font-family: 'Times New Roman', Times, serif; font-size: small;\">Mme. J. DUBOIS<\/span><\/span>&nbsp;&nbsp;&nbsp;<\/p>\n<p>&nbsp;<\/p>\n<\/div>\n<\/td>\n<td width=\"20\" height=\"10\"><span style=\"font-family: 'Times New Roman', Times, serif; font-size: small;\">&nbsp;<\/span><\/td>\n<td width=\"75\"><span style=\"font-family: 'Times New Roman', Times, serif; font-size: small;\">&nbsp;<\/span><\/td>\n<td width=\"120\"><span style=\"font-family: 'Times New Roman', Times, serif; font-size: small;\">&nbsp;<\/span><\/td>\n<\/tr>\n<tr>\n<td width=\"20\" height=\"26\"><span style=\"font-family: 'Times New Roman', Times, serif; font-size: small;\">&nbsp;<\/span><\/td>\n<td colspan=\"2\" valign=\"middle\" bgcolor=\"#7481B5\">\n<div align=\"center\"><span style=\"font-family: 'Times New Roman', Times, serif; font-size: small;\"><b><span style=\"color: #ffffff;\">ACCUEIL<br \/>\nSTANDARD <\/span><\/b><\/span><\/div>\n<\/td>\n<\/tr>\n<tr>\n<td width=\"20\" height=\"18\"><span style=\"font-family: 'Times New Roman', Times, serif; font-size: small;\">&nbsp;<\/span><\/td>\n<td colspan=\"2\" rowspan=\"2\" valign=\"top\">\n<div align=\"center\"><span style=\"font-family: 'Times New Roman', Times, serif; font-size: small;\"><b><br \/>\n<\/b>03 22 98 31 60<\/span><\/div>\n<\/td>\n<\/tr>\n<tr>\n<td colspan=\"7\" rowspan=\"2\" valign=\"top\" bgcolor=\"#7481B5\">\n<div align=\"center\"><span style=\"color: #ffffff; font-family: 'Times New Roman', Times, serif; font-size: small;\"><b>ASSISTANTS&nbsp;<\/b><\/span><span style=\"background-color: transparent;\"><span style=\"color: #ffffff; font-family: Times New Roman, Times, serif; font-size: small;\"><b>D\u2019\u00c9DUCATION ET EMPLOIS VIE SCOLAIRE<\/b><\/span><\/span><\/div>\n<\/td>\n<td width=\"20\" height=\"25\"><span style=\"font-family: 'Times New Roman', Times, serif; font-size: small;\">&nbsp;<\/span><\/td>\n<\/tr>\n<tr>\n<td width=\"20\" height=\"13\"><span style=\"font-family: 'Times New Roman', Times, serif; font-size: small;\">&nbsp;<\/span><\/td>\n<td width=\"75\"><span style=\"font-family: 'Times New Roman', Times, serif; font-size: small;\">&nbsp;<\/span><\/td>\n<td width=\"120\"><span style=\"font-family: 'Times New Roman', Times, serif; font-size: small;\">&nbsp;<\/span><\/td>\n<\/tr>\n<tr>\n<td width=\"146\" height=\"9\"><span style=\"font-family: 'Times New Roman', Times, serif; font-size: small;\">&nbsp;<\/span><\/td>\n<td width=\"26\"><span style=\"font-family: 'Times New Roman', Times, serif; font-size: small;\">&nbsp;<\/span><\/td>\n<td width=\"4\"><span style=\"font-family: 'Times New Roman', Times, serif; font-size: small;\">&nbsp;<\/span><\/td>\n<td width=\"73\"><span style=\"font-family: 'Times New Roman', Times, serif; font-size: small;\">&nbsp;<\/span><\/td>\n<td width=\"1\"><span style=\"font-family: 'Times New Roman', Times, serif; font-size: small;\">&nbsp;<\/span><\/td>\n<td width=\"40\"><span style=\"font-family: 'Times New Roman', Times, serif; font-size: small;\">&nbsp;<\/span><\/td>\n<td width=\"12\"><span style=\"font-family: 'Times New Roman', Times, serif; font-size: small;\">&nbsp;<\/span><\/td>\n<td width=\"22\"><span style=\"font-family: 'Times New Roman', Times, serif; font-size: small;\">&nbsp;<\/span><\/td>\n<td width=\"20\"><span style=\"font-family: 'Times New Roman', Times, serif; font-size: small;\">&nbsp;<\/span><\/td>\n<td width=\"75\"><span style=\"font-family: 'Times New Roman', Times, serif; font-size: small;\">&nbsp;<\/span><\/td>\n<td width=\"120\"><span style=\"font-family: 'Times New Roman', Times, serif; font-size: small;\">&nbsp;<\/span><\/td>\n<\/tr>\n<tr>\n<td colspan=\"2\" valign=\"middle\" bgcolor=\"#7481B5\">\n<div align=\"center\"><span style=\"font-family: 'Times New Roman', Times, serif; font-size: small;\"><b><span style=\"color: #ffffff;\">PROFESSEURS<br \/>\nDOCUMENTALISTES <\/span><\/b><\/span><\/div>\n<\/td>\n<td rowspan=\"2\" valign=\"top\" width=\"4\"><span style=\"font-family: 'Times New Roman', Times, serif; font-size: small;\">&nbsp;<\/span><\/td>\n<td colspan=\"3\" valign=\"middle\" bgcolor=\"#7481B5\" height=\"37\">\n<div align=\"center\"><span style=\"font-family: 'Times New Roman', Times, serif; font-size: small;\"><b><span style=\"color: #ffffff;\">PROFESSEURS<\/span><\/b><\/span><\/div>\n<p><span style=\"font-family: 'Times New Roman', Times, serif; font-size: small;\">&nbsp;<\/span><span style=\"font-family: 'Times New Roman', Times, serif; font-size: small;\">&nbsp;<\/span><span style=\"font-family: 'Times New Roman', Times, serif; font-size: small;\">&nbsp;<\/span><\/td>\n<td rowspan=\"2\" valign=\"top\" width=\"12\"><span style=\"font-family: 'Times New Roman', Times, serif; font-size: small;\">&nbsp;<\/span><\/td>\n<td colspan=\"4\" valign=\"middle\" bgcolor=\"#7481B5\">\n<div align=\"center\"><span style=\"font-family: 'Times New Roman', Times, serif; font-size: small;\"><b><span style=\"color: #ffffff;\">CONSEILLERS<br \/>\nD&rsquo;ORIENTATION PSYCHOLOGUES<\/span><\/b><\/span><\/div>\n<\/td>\n<\/tr>\n<tr>\n<td colspan=\"2\" rowspan=\"2\" valign=\"top\">\n<div align=\"center\"><span style=\"color: #000000; font-family: 'Times New Roman', Times, serif; font-size: small;\"><span style=\"color: #000000; font-family: 'Times New Roman', Times, serif; font-size: small;\">Mme<br \/>\nF.DEQUEVAUVILLER<br \/>\nMme F. KOUAKOU<\/span><\/span>&nbsp;&nbsp;&nbsp;<\/p>\n<p>&nbsp;<\/p>\n<\/div>\n<\/td>\n<td width=\"73\" height=\"48\"><span style=\"font-family: 'Times New Roman', Times, serif; font-size: small;\">&nbsp;<\/span><\/td>\n<td width=\"1\"><span style=\"font-family: 'Times New Roman', Times, serif; font-size: small;\">&nbsp;<\/span><\/td>\n<td width=\"40\"><span style=\"font-family: 'Times New Roman', Times, serif; font-size: small;\">&nbsp;<\/span><\/td>\n<td colspan=\"4\" valign=\"middle\" bgcolor=\"#FFFFFF\">\n<div align=\"center\"><span style=\"font-family: 'Times New Roman', Times, serif; font-size: small;\">Mme BAILLEUL<br \/>\nMme CARON<\/span><\/div>\n<\/td>\n<\/tr>\n<tr>\n<td width=\"4\" height=\"22\"><span style=\"font-family: 'Times New Roman', Times, serif; font-size: small;\">&nbsp;<\/span><\/td>\n<td width=\"73\"><span style=\"font-family: 'Times New Roman', Times, serif; font-size: small;\">&nbsp;<\/span><\/td>\n<td width=\"1\"><span style=\"font-family: 'Times New Roman', Times, serif; font-size: small;\">&nbsp;<\/span><\/td>\n<td width=\"40\"><span style=\"font-family: 'Times New Roman', Times, serif; font-size: small;\">&nbsp;<\/span><\/td>\n<td width=\"12\"><span style=\"font-family: 'Times New Roman', Times, serif; font-size: small;\">&nbsp;<\/span><\/td>\n<td width=\"22\"><span style=\"font-family: 'Times New Roman', Times, serif; font-size: small;\">&nbsp;<\/span><\/td>\n<td width=\"20\"><span style=\"font-family: 'Times New Roman', Times, serif; font-size: small;\">&nbsp;<\/span><\/td>\n<td width=\"75\"><span style=\"font-family: 'Times New Roman', Times, serif; font-size: small;\">&nbsp;<\/span><\/td>\n<td width=\"120\"><span style=\"font-family: 'Times New Roman', Times, serif; font-size: small;\">&nbsp;<\/span><\/td>\n<\/tr>\n<tr>\n<td colspan=\"2\" valign=\"middle\" bgcolor=\"#7481B5\" height=\"24\">\n<div align=\"center\"><span style=\"font-family: 'Times New Roman', Times, serif; font-size: small;\"><b><span style=\"color: #ffffff;\">MEDECIN<br \/>\nSCOLAIRE<\/span><\/b><\/span><\/div>\n<\/td>\n<td width=\"4\"><span style=\"font-family: 'Times New Roman', Times, serif; font-size: small;\">&nbsp;<\/span><\/td>\n<td colspan=\"3\" valign=\"middle\" bgcolor=\"#7481B5\">\n<div align=\"center\"><span style=\"font-family: 'Times New Roman', Times, serif; font-size: small;\"><a href=\"..\/contact\/sante\/la_sante_au_lycee.htm\" target=\"_blank\" rel=\"noopener noreferrer\"><b><span style=\"color: #ffffff;\">INFIRMIERE<\/span><\/b><\/a><\/span><\/div>\n<\/td>\n<td width=\"12\"><span style=\"font-family: 'Times New Roman', Times, serif; font-size: small;\">&nbsp;<\/span><\/td>\n<td colspan=\"4\" valign=\"middle\" bgcolor=\"#7481B5\">\n<div align=\"center\"><span style=\"font-family: 'Times New Roman', Times, serif; font-size: small;\"><b><span style=\"color: #ffffff;\">ASSISTANTE<br \/>\nSOCIALE<\/span><\/b><\/span><\/div>\n<\/td>\n<\/tr>\n<tr>\n<td colspan=\"2\" valign=\"top\" height=\"43\">\n<div align=\"center\"><span style=\"font-family: 'Times New Roman', Times, serif; font-size: small;\">(sur rendez-vous) <\/span><\/div>\n<\/td>\n<td width=\"4\"><span style=\"font-family: 'Times New Roman', Times, serif; font-size: small;\">&nbsp;<\/span><\/td>\n<td colspan=\"3\" valign=\"top\">\n<div align=\"center\"><span style=\"font-family: 'Times New Roman', Times, serif; font-size: small;\">Mme LETESSE<br \/>\n<\/span><\/div>\n<\/td>\n<td width=\"12\"><span style=\"font-family: 'Times New Roman', Times, serif; font-size: small;\">&nbsp;<\/span><\/td>\n<td colspan=\"4\" valign=\"top\">\n<div align=\"center\"><span style=\"font-family: 'Times New Roman', Times, serif; font-size: small;\">Mme A. DOCHY<br \/>\n<\/span><\/div>\n<\/td>\n<\/tr>\n<\/tbody>\n<\/table>\n<p>&nbsp;<\/p>\n","protected":false},"excerpt":{"rendered":"<p>&nbsp;<\/p>\n<p> <span style=\"font-family: 'Times New Roman', Times, serif; font-size: small;\">&nbsp;<\/span> <span style=\"font-family: 'Times New Roman', Times, serif; font-size: small;\"><span style=\"color: #ffffff;\">EQUIPE<br \/> DE DIRECTION<\/span><\/span> <span style=\"font-family: 'Times New Roman', Times, serif; font-size: small;\">&nbsp;<\/span> <\/p>\n<p><span style=\"font-family: 'Times New Roman', Times, serif; font-size: small;\">Proviseur<\/span><\/p>\n<p><span style=\"font-family: Times New Roman, Times, serif; font-size: small;\">M. F. GUILLOT<\/span><\/p>\n<p><span style=\"font-family: &hellip; <\/p>\n<p><a class=\"more-link btn\" href=\"https:\/\/lyceejeanracine.fr\/wdps\/index.php\/organigramme-administratif\/\">Lire la suite<\/a><\/p>\n<p><\/span><\/p>\n","protected":false},"author":1,"featured_media":0,"parent":0,"menu_order":0,"comment_status":"closed","ping_status":"closed","template":"","meta":{"ngg_post_thumbnail":0,"footnotes":""},"post_mailing_queue_ids":[],"_links":{"self":[{"href":"https:\/\/lyceejeanracine.fr\/wdps\/index.php\/wp-json\/wp\/v2\/pages\/292"}],"collection":[{"href":"https:\/\/lyceejeanracine.fr\/wdps\/index.php\/wp-json\/wp\/v2\/pages"}],"about":[{"href":"https:\/\/lyceejeanracine.fr\/wdps\/index.php\/wp-json\/wp\/v2\/types\/page"}],"author":[{"embeddable":true,"href":"https:\/\/lyceejeanracine.fr\/wdps\/index.php\/wp-json\/wp\/v2\/users\/1"}],"replies":[{"embeddable":true,"href":"https:\/\/lyceejeanracine.fr\/wdps\/index.php\/wp-json\/wp\/v2\/comments?post=292"}],"version-history":[{"count":15,"href":"https:\/\/lyceejeanracine.fr\/wdps\/index.php\/wp-json\/wp\/v2\/pages\/292\/revisions"}],"predecessor-version":[{"id":7187,"href":"https:\/\/lyceejeanracine.fr\/wdps\/index.php\/wp-json\/wp\/v2\/pages\/292\/revisions\/7187"}],"wp:attachment":[{"href":"https:\/\/lyceejeanracine.fr\/wdps\/index.php\/wp-json\/wp\/v2\/media?parent=292"}],"curies":[{"name":"wp","href":"https:\/\/api.w.org\/{rel}","templated":true}]}}